of 88961405?
6
What is the ten millions digit of 150981969?
5
What is the units digit of 606477301?
1
What is the hundred millions digit of 557948285?
5
What is the hundred millions digit of 2147885992?
1
What is the thousands digit of 5197509663?
9
What is the millions digit of 424951095?
4
What is the hundred thousands digit of 488262942?
2
What is the tens digit of 54976649?
4
What is the hundreds digit of 18207406?
4
What is the tens digit of 359893170?
7
What is the thousands digit of 57595754?
5
What is the hundred thousands digit of 949760113?
7
What is the ten thousands digit of 242197773?
9
What is the hundred thousands digit of 1090967597?
9
What is the thousands digit of 182917828?
7
What is the millions digit of 387787049?
7
What is the millions digit of 27475714?
7
What is the ten millions digit of 13941488?
1
What is the hundred thousands digit of 67351832?
3
What is the hundreds digit of 29503408?
4
What is the millions digit of 25033718?
5
What is the units digit of 187195147?
7
What is the ten millions digit of 272728930?
7
What is the hundred thousands digit of 238547530?
5
What is the millions digit of 79058083?
9
What is the hundred thousands digit of 153966881?
9
What is the billions digit of 1608533859?
1
What is the hundred thousands digit of 1275398966?
3
What is the millions digit of 1258062?
1
What is the ten thousands digit of 63639630?
3
What is the tens digit of 79332058?
5
What is the units digit of 875842505?
5
What is the hundred millions digit of 5423721057?
4
What is the units digit of 23614807?
7
What is the ten thousands digit of 1288393872?
9
What is the ten millions digit of 2401925465?
0
What is the tens digit of 415652561?
6
What is the hundred thousands digit of 289238164?
2
What is the thousands digit of 19134685?
4
What is the hundred thousands digit of 138213720?
2
What is the ten millions digit of 654180980?
5
What is the billions digit of 3671357696?
3
What is the billions digit of 1179480791?
1
What is the tens digit of 993083669?
6
What is the ten millions digit of 2029235500?
2
What is the billions digit of 1034390794?
1
What is the hundreds digit of 41596609?
6
What is the thousands digit of 2273859353?
9
What is the hundred millions digit of 1257043704?
2
What is the tens digit of 53373503?
0
What is the millions digit of 31719362?
1
What is the millions digit of 104499427?
4
What is the ten millions digit of 2715850089?
1
What is the ten thousands digit of 47710069?
1
What is the ten millions digit of 597220036?
9
What is the tens digit of 784409682?
8
What is the hundreds digit of 85283410?
4
What is the hundreds digit of 370322947?
9
What is the hundreds digit of 1598021994?
9
What is the tens digit of 6818316691?
9
What is the millions digit of 1244575662?
4
What is the hundred thousands digit of 301682932?
6
What is the units digit of 559754483?
3
What is the hundred millions digit of 1992252102?
9
What is the ten thousands digit of 578665514?
6
What is the ten thousands digit of 2249247871?
4
What is the units digit of 70032962?
2
What is the hundred thousands digit of 927844115?
8
What is the millions digit of 78969581?
8
What is the ten millions digit of 2638601578?
3
What is the tens digit of 619738275?
7
What is the ten millions digit of 3254820576?
5
What is the tens digit of 199253737?
3
What is the tens digit of 160877473?
7
What is the billions digit of 2866670338?
2
What is the ten thousands digit of 29898786?
9
What is the millions digit of 336082517?
6
What is the ten thousands digit of 745764888?
6
What is the hundreds digit of 29208546?
5
What is the hundreds digit of 952486112?
1
What is the millions digit of 49535681?
9
What is the millions digit of 1125384691?
5
What is the hundred millions digit of 678914562?
6
What is the ten millions digit of 5657625257?
5
What is the tens digit of 2125842923?
2
What is the thousands digit of 41180032?
0
What is the thousands digit of 520665833?
5
What is the billions digit of 1032025863?
1
What is the millions digit of 820130847?
0
What is the hundred thousands digit of 471323745?
3
What is the billions digit of 1914514823?
1
What is the units digit of 83828352?
2
What is the hundred thousands digit of 96644062?
6
What is the hundreds digit of 20879098?
0
What is the millions digit of 22850575?
2
What is the billions digit of 1719518285?
1
What is the tens digit of 25056108?
0
What is the units digit of 67980472?
2
What is the thousands digit of 88683322?
3
What is the hundred thousands digit of 329721398?
7
What is the ten millions digit of 130983795?
3
What is the thousands digit of 490323245?
3
What is the thousands digit of 3140839864?
9
What is the hundred millions digit of 420877315?
4
What is the hundred thousands digit of 4186250399?
2
What is the hundreds digit of 619763200?
2
What is the units digit of 90439386?
6
What is the units digit of 64425654?
4
What is the ten thousands digit of 351374985?
7
What is the hundreds digit of 319383297?
2
What is the units digit of 65193044?
4
What is the ten millions digit of 44975014?
4
What is the hundred thousands digit of 256176209?
1
What is the hundred thousands digit of 1405454904?
4
What is the ten thousands digit of 2662832548?
3
What is the tens digit of 500563076?
7
What is the units digit of 19085555?
5
What is the thousands digit of 4892353992?
3
What is the thousands digit of 156342016?
2
What is the hundreds digit of 1346883519?
5
What is the hundred thousands digit of 100713549?
7
What is the hundreds digit of 209972471?
4
What is the hundreds digit of 75153895?
8
What is the ten thousands digit of 211809077?
0
What is the tens digit of 26273033?
3
What is the hundred millions digit of 859827970?
8
What is the hundred millions digit of 1797261803?
7
What is the ten millions digit of 7084260026?
8
What is the hundreds digit of 253172534?
5
What is the units digit of 807229792?
2
What is the units digit of 646601200?
0
What is the thousands digit of 44114836?
4
What is the hundred millions digit of 432546303?
4
What is the ten millions digit of 778299711?
7
What is the hundred millions digit of 838419236?
8
What is the hundreds digit of 8487846?
8
What is the units digit of 2184360504?
4
What is the ten millions digit of 93449019?
9
What is the tens digit of 197746812?
1
What is the tens digit of 2392918371?
7
What is the billions digit of 2276891447?
2
What is the hundred thousands digit of 1053902650?
9
What is the hundred thousands digit of 28372573?
3
What is the thousands digit of 42843653?
3
What is the ten thousands digit of 42052757?
5
What is the ten thousands digit of 1506871983?
7
What is the units digit of 105367251?
1
What is the units digit of 1240650781?
1
What is the ten millions digit of 224162447?
2
What is the units digit of 146937949?
9
What is the thousands digit of 103994355?
4
What is the ten millions digit of 83647808?
8
What is the units digit of 912872989?
9
What is the tens digit of 36224441?
4
What is the ten millions digit of 346403591?
4
What is the thousands digit of 2886719637?
9
What is the hundred thousands digit of 198589670?
5
What is the hundred thousands digit of 1654146308?
1
What is the units digit of 579204621?
1
What is the units digit of 2939813?
3
What is the units digit of 420911716?
6
What is the millions digit of 208735464?
8
What is the hundreds digit of 9140176?
1
What is the hundred millions digit of 249527985?
2
What is the tens digit of 3152682326?
2
What is the units digit of 46402389?
9
What is the hundred thousands digit of 630856205?
8
What is the ten millions digit of 146767434?
4
What is the units digit of 207137228?
8
What is the hundreds digit of 8554838999?
9
What is the hundreds digit of 317355098?
0
What is the ten thousands digit of 3192272737?
7
What is the hundred millions digit of 1614416978?
6
What is the ten millions digit of 80355010?
8
What is the billions digit of 2727257089?
2
What is the hundred thousands digit of 808564381?
5
What is the ten thousands digit of 288649791?
4
What is the tens digit of 216095427?
2
What is the thousands digit of 660144896?
4
What is the ten millions digit of 18372993?
1
What is the billions digit of 1788121712?
1
What is the units digit of 40734881?
1
What is the hu